{"id":2792,"date":"2017-07-28T10:55:48","date_gmt":"2017-07-28T08:55:48","guid":{"rendered":"https:\/\/www.bustreff.de\/busmagazin\/?page_id=2792"},"modified":"2017-07-28T11:57:05","modified_gmt":"2017-07-28T09:57:05","slug":"btb-business","status":"publish","type":"page","link":"https:\/\/www.bustreff.de\/busmagazin\/btb-business\/","title":{"rendered":"BTB &#8211; Business"},"content":{"rendered":"<div id=\"pl-2792\"  class=\"panel-layout\" ><div id=\"pg-2792-0\"  class=\"panel-grid panel-has-style\"  style=\"margin-bottom: 30px\" ><div style=\"padding: 10px 10px 0px 10px;\" class=\"panel-row-style panel-row-style-for-2792-0\" ><div id=\"pgc-2792-0-0\"  class=\"panel-grid-cell\" ><div id=\"panel-2792-0-0-0\" class=\"so-panel widget widget_sow-editor panel-first-child panel-last-child\" data-index=\"0\" ><div\n\t\t\t\n\t\t\tclass=\"so-widget-sow-editor so-widget-sow-editor-base\"\n\t\t\t\n\t\t><h3 class=\"widget-title\">BTB M\u00fcnchen - 29.08.2017 Apassionata World<\/h3>\n<div class=\"siteorigin-widget-tinymce textwidget\">\n\t<p class=\"p1\">Nach den gro\u00dfen Erfolgen der vergangenen Jahre findet der BTB Workshop S\u00fcddeutschland\u00a0nun bereits zum 5. Mal statt. Austragungsort ist 2017 die Apassionata World in M\u00fcnchen. Der BTB Workshop\u00a0ist die Plattform f\u00fcr die Bustouristikbranche mit Schwerpunkt auf Deutschland, Tschechien, \u00d6sterreich, Schweiz, Norditalien inklusive aller Zuliefer- und Dienstleistungsbranchen. Er stellt die ideale Erg\u00e4nzung zum derzeitigen Angebot an Messen, Workshops und Ausstellungen dar - mit pers\u00f6nlicherer Note, entspannter Atmosph\u00e4re in einer einzigartigen Location, qualitativ hochwertigen Kontakten und guter Kommunikation.\u00a0<\/p>\n<p><a href=\"http:\/\/www.btb.cc\/btb_muenchen\/index.php\/de\/programm\" target=\"_blank\" rel=\"noopener\"><strong>Programm und Informationen f\u00fcr Besucher<\/strong><\/a><\/p>\n<\/div>\n<\/div><\/div><\/div><div id=\"pgc-2792-0-1\"  class=\"panel-grid-cell\" ><div id=\"panel-2792-0-1-0\" class=\"so-panel widget widget_sow-image panel-first-child panel-last-child\" data-index=\"1\" ><div style=\"padding: 0px 50px 0px 0px;\" class=\"panel-widget-style panel-widget-style-for-2792-0-1-0\" ><div\n\t\t\t\n\t\t\tclass=\"so-widget-sow-image so-widget-sow-image-default-8b5b6f678277-2792\"\n\t\t\t\n\t\t>\n<div class=\"sow-image-container\">\n\t\t<img \n\tsrc=\"https:\/\/www.bustreff.de\/busmagazin\/wp-content\/uploads\/2017\/07\/btb_logo.png\" width=\"246\" height=\"102\" srcset=\"https:\/\/www.bustreff.de\/busmagazin\/wp-content\/uploads\/2017\/07\/btb_logo.png 246w, https:\/\/www.bustreff.de\/busmagazin\/wp-content\/uploads\/2017\/07\/btb_logo-200x83.png 200w\" sizes=\"(max-width: 246px) 100vw, 246px\" alt=\"\" \t\tclass=\"so-widget-image\"\/>\n\t<\/div>\n\n<\/div><\/div><\/div><\/div><\/div><\/div><div id=\"pg-2792-1\"  class=\"panel-grid panel-has-style\" ><div style=\"padding: 0px 10px 10px 10px;\" class=\"panel-row-style panel-row-style-for-2792-1\" ><div id=\"pgc-2792-1-0\"  class=\"panel-grid-cell\" ><div id=\"panel-2792-1-0-0\" class=\"so-panel widget widget_sow-headline panel-first-child\" data-index=\"2\" style=\"margin-bottom: 30px\" ><div\n\t\t\t\n\t\t\tclass=\"so-widget-sow-headline so-widget-sow-headline-default-dacfea6c435f-2792\"\n\t\t\t\n\t\t><div class=\"sow-headline-container \">\n\t\t\t\t\t\t\t<h3 class=\"sow-headline\">\n\t\t\t\t\t\tIhr Besuch bei der BTB M\u00fcnchen\t\t\t\t\t\t<\/h3>\n\t\t\t\t\t\t\t\t\t\t\t<div class=\"decoration\">\n\t\t\t\t\t\t<div class=\"decoration-inside\"><\/div>\n\t\t\t\t\t<\/div>\n\t\t\t\t\t<\/div>\n<\/div><\/div><div id=\"panel-2792-1-0-1\" class=\"so-panel widget widget_text panel-last-child\" data-index=\"3\" ><div style=\"padding: 0px 0px 0px 0px;\" class=\"panel-widget-style panel-widget-style-for-2792-1-0-1\" >\t\t\t<div class=\"textwidget\"><p class=\"wpcf7-contact-form-not-found\"><strong>Fehler:<\/strong> Kontaktformular wurde nicht gefunden.<\/p>\n<\/div>\n\t\t<\/div><\/div><\/div><div id=\"pgc-2792-1-1\"  class=\"panel-grid-cell\" ><div id=\"panel-2792-1-1-0\" class=\"so-panel widget widget_sow-editor panel-first-child\" data-index=\"4\" style=\"margin-bottom: 30px\" ><div\n\t\t\t\n\t\t\tclass=\"so-widget-sow-editor so-widget-sow-editor-base\"\n\t\t\t\n\t\t><h3 class=\"widget-title\">Ihr Ansprechpartner<\/h3>\n<div class=\"siteorigin-widget-tinymce textwidget\">\n\t<p>F\u00fcr die Teilnahme und Anfragen steht Ihnen Herr Michael Kurtze gerne zur Verf\u00fcgung. Bitte nutzen Sie das Kontaktformular f\u00fcr Ihre individuelle Anfrage und zur Kontaktaufnahme.\u00a0<\/p>\n<p>Vielen Dank!<\/p>\n<\/div>\n<\/div><\/div><div id=\"panel-2792-1-1-1\" class=\"so-panel widget widget_sow-image panel-last-child\" data-index=\"5\" ><div style=\"padding: 0px 50px 20px 0px;\" class=\"panel-widget-style panel-widget-style-for-2792-1-1-1\" ><div\n\t\t\t\n\t\t\tclass=\"so-widget-sow-image so-widget-sow-image-default-4e6925654b7a-2792\"\n\t\t\t\n\t\t>\n<div class=\"sow-image-container\">\n\t\t<img \n\tsrc=\"https:\/\/www.bustreff.de\/busmagazin\/wp-content\/uploads\/2017\/07\/btb_standbeispiel1-512x341.jpg\" width=\"512\" height=\"341\" srcset=\"https:\/\/www.bustreff.de\/busmagazin\/wp-content\/uploads\/2017\/07\/btb_standbeispiel1-512x341.jpg 512w, https:\/\/www.bustreff.de\/busmagazin\/wp-content\/uploads\/2017\/07\/btb_standbeispiel1-200x133.jpg 200w, https:\/\/www.bustreff.de\/busmagazin\/wp-content\/uploads\/2017\/07\/btb_standbeispiel1-768x512.jpg 768w, https:\/\/www.bustreff.de\/busmagazin\/wp-content\/uploads\/2017\/07\/btb_standbeispiel1-272x182.jpg 272w, https:\/\/www.bustreff.de\/busmagazin\/wp-content\/uploads\/2017\/07\/btb_standbeispiel1.jpg 860w\" sizes=\"(max-width: 512px) 100vw, 512px\" title=\"Beispiel der Aussteller-St\u00e4nde\" alt=\"\" \t\tclass=\"so-widget-image\"\/>\n\t<\/div>\n\n<h3 class=\"widget-title\">Beispiel der Aussteller-St\u00e4nde<\/h3><\/div><\/div><\/div><\/div><\/div><\/div><\/div>","protected":false},"excerpt":{"rendered":"<p>Nach den gro\u00dfen Erfolgen der vergangenen Jahre findet der BTB Workshop S\u00fcddeutschland\u00a0nun bereits zum 5. Mal statt. Austragungsort ist 2017 die Apassionata World in M\u00fcnchen. Der BTB Workshop\u00a0ist die Plattform f\u00fcr die Bustouristikbranche mit Schwerpunkt auf Deutschland, Tschechien, \u00d6sterreich, Schweiz, Norditalien inklusive aller Zuliefer- und Dienstleistungsbranchen. Er stellt die ideale Erg\u00e4nzung zum derzeitigen Angebot an &#8230; <a href=\"https:\/\/www.bustreff.de\/busmagazin\/btb-business\/\" class=\"more-link\">mehr<\/a><\/p>\n","protected":false},"author":1,"featured_media":0,"parent":0,"menu_order":0,"comment_status":"closed","ping_status":"closed","template":"","meta":{"footnotes":""},"class_list":["post-2792","page","type-page","status-publish","hentry"],"_links":{"self":[{"href":"https:\/\/www.bustreff.de\/busmagazin\/wp-json\/wp\/v2\/pages\/2792","targetHints":{"allow":["GET"]}}],"collection":[{"href":"https:\/\/www.bustreff.de\/busmagazin\/wp-json\/wp\/v2\/pages"}],"about":[{"href":"https:\/\/www.bustreff.de\/busmagazin\/wp-json\/wp\/v2\/types\/page"}],"author":[{"embeddable":true,"href":"https:\/\/www.bustreff.de\/busmagazin\/wp-json\/wp\/v2\/users\/1"}],"replies":[{"embeddable":true,"href":"https:\/\/www.bustreff.de\/busmagazin\/wp-json\/wp\/v2\/comments?post=2792"}],"version-history":[{"count":25,"href":"https:\/\/www.bustreff.de\/busmagazin\/wp-json\/wp\/v2\/pages\/2792\/revisions"}],"predecessor-version":[{"id":2822,"href":"https:\/\/www.bustreff.de\/busmagazin\/wp-json\/wp\/v2\/pages\/2792\/revisions\/2822"}],"wp:attachment":[{"href":"https:\/\/www.bustreff.de\/busmagazin\/wp-json\/wp\/v2\/media?parent=2792"}],"curies":[{"name":"wp","href":"https:\/\/api.w.org\/{rel}","templated":true}]}}